-3*b**2 - 14*b + 12. Let v(q) = -4*q**2 - 15*q + 13. Let u(x) = -5*f(x) + 4*v(x). What are the prime factors of u(8)?
2
Let m(b) = 5*b + 6. Let n be m(8). Let r = -28 + n. List the prime factors of r.
2, 3
Let a(r) = -16*r - 54. List the prime factors of a(-16).
2, 101
Let d(u) = -u**2 - 2*u. Let w be d(-4). Let k be (54/(-21))/((-3)/14). Let t = k + w. What are the prime factors of t?
2
Let c = 16 - 10. List the prime factors of c.
2, 3
Let v be (-3)/7 - (-3)/7. Suppose 4*c + v*c - 47 = -5*k, -3*k = 4*c - 49. What are the prime factors of c?
13
Let l be 8/6*3/2. Suppose 0*b - 3 = -s + b, 0 = 3*s - l*b - 6. Let j(k) = k**3 - k + 12. What are the prime factors of j(s)?
2, 3
Suppose 0 = -2*r, 3*n + 3*r - 255 = 2*r. What are the prime factors of n?
5, 17
Let a be (-564)/(-21) + (-5)/(-35). Suppose -6*j = a - 291. List the prime factors of j.
2, 11
Suppose -5*m + 14 = -31. Let t = m + -2. What are the prime factors of t?
7
Let y(w) = -4*w - 2. Let u be y(-1). Suppose -u*o + 21 = -o. What are the prime factors of o?
3, 7
Suppose -3*a - 8 = 3*g - a, -3*g + 2 = 4*a. Let p be (9/g)/(3/(-6)). Suppose -p*v = 3*i - 6*i + 60, 26 = i - 4*v. What are the prime factors of i?
2, 3
Suppose o - 4*s - 101 = 0, 0 = -0*s - 3*s - 12. List the prime factors of o.
5, 17
Suppose 0 = -5*s + 3*u + 573, -2*u - 232 = -2*s + 2*u. What are the prime factors of s?
2, 3, 19
Let o = 2 + -2. Let u = 1 + o. Suppose 1 = c - u. What are the prime factors of c?
2
Let r(b) = 5*b + 7. Let y be r(3). List the prime factors of -1*(-3)/(3/y).
2, 11
List the prime factors of 5709/45 - 6/135*-3.
127
Let l = 60 - -126. List the prime factors of l.
2, 3, 31
Let a(k) be the first derivative of k**3/6 - k**2/2 - 2*k + 1. Let o(y) be the first derivative of a(y). What are the prime factors of o(8)?
7
Let f(n) = 2*n**2 - 4*n - 1. List the prime factors of f(10).
3, 53
Let a be (-1)/((-2)/2) + 3. Let j = a + -1. List the prime factors of j.
3
Let q = 125 + -94. What are the prime factors of q?
31
Let s(p) = 5*p - 1. Let v be s(1). Suppose 0*y + v = y. What are the prime factors of y?
2
Let a = 238 - 106. List the prime factors of a.
2, 3, 11
What are the prime factors of (-18)/(-5)*280/12?
2, 3, 7
Let y = -44 - -55. What are the prime factors of y?
11
Suppose -5*x + 2*i = 36 - 243, 3*x + 2*i = 137. What are the prime factors of x?
43
Suppose -q = 3*q + 4, 4*r = 5*q + 21. Suppose 4*x - 72 = 4*t, -x + 26 - r = t. List the prime factors of x.
2, 5
Let m be 1 - 0 - (-1 + 0). Suppose -m*d = -0*d + 6. What are the prime factors of (d/(-2))/(3/16)?
2
Let b(c) = 0*c + 0*c**2 + 10 + 7*c + c**2. Suppose -a - 4*a - 35 = 0. List the prime factors of b(a).
2, 5
Suppose 8*s - 4*s = 28. Let d(y) = -y. Let m(o) = -o**2 + 6*o - 10. Let h(t) = -3*d(t) + m(t). What are the prime factors of h(s)?
2
Suppose -4*d + 88 = 3*q, 5*d = 6*q - 2*q + 141. Let v = d + 13. List the prime factors of v.
2, 19
Let q = -4 - -6. Let n = q + 1. Suppose 3*k + s = 20, -6*k + n*s = -2*k - 44. What are the prime factors of k?
2
Let y(a) = -a**2 - 5*a - 17. Let c(x) = -x**2 - 4*x - 16. Let h(k) = -6*c(k) + 5*y(k). Let q be h(0). Suppose -9 - q = -5*i. What are the prime factors of i?
2
Suppose 6*k + 648 = 10*k. What are the prime factors of k?
2, 3
Let c be (1 + (2 - 3))*1. Suppose 12 = 3*j + 3*o, c = -3*j + o + 2 + 18. Suppose -v + j*v = g - 25, 2*g - 5*v = 40. What are the prime factors of g?
3, 5
Let s be (-777)/(-27) + (-6)/(-27). Let d = 40 - s. What are the prime factors of d?
11
Suppose 5*u - 2*u - 90 = 0. What are the prime factors of u?
2, 3, 5
List the prime factors of 18/(-3)*9/(27/(-10)).
2, 5
Let l = -14 - -20. Suppose 3*s = l*s - 78. List the prime factors of s.
2, 13
Let i = -5 + 8. Let s = -2 + 7. Let f = s - i. What are the prime factors of f?
2
Suppose 3*a + j = 77, -20 = -2*a + 3*j + 24. Suppose -5*p - 2*t + 195 = 0, -10 = 3*t - a. List the prime factors of p.
37
Let p(z) = -4*z + 6. Let v be p(6). List the prime factors of v/4*(-2)/1.
3
Let p = -141 - -236. List the prime factors of p.
5, 19
Let t(r) = r**3 - 2*r**2 + 4*r - 3. Let w be t(2). Let f be -1*1*(w - 9). Suppose -24 = -f*q + 2*q. List the prime factors of q.
2, 3
Let j = 48 + -21. What are the prime factors of j?
3
Suppose -4*l + 30 = 2. Let f = l - -2. What are the prime factors of (-3)/f*-4*9?
2, 3
Let g be ((-6)/4 - -1)*-22. Suppose -g - 1 = -a. What are the prime factors of a?
2, 3
Let s(g) = g - 3. Let r be s(0). Let d = r + 13. List the prime factors of d.
2, 5
Let i = 3 + -3. What are the prime factors of (i/1 - -1)*6?
2, 3
Let o(u) = -2*u**3 + 1. Let f be (9/(-3))/(-3)*-1. Let c be o(f). List the prime factors of 32/c - (-6)/(-9).
2, 5
What are the prime factors of 436/6 + (-2)/(-6)?
73
Let f(w) = w**2 + w + 8. What are the prime factors of f(-4)?
2, 5
Let y(g) = -g**2 + 4*g + 1. What are the prime factors of y(2)?
5
Let r = -17 - -10. Let m(w) = w + 7. Let z be m(r). Let x = z + 10. List the prime factors of x.
2, 5
Let h(w) = -12*w**2 + 3*w**3 - 2*w**3 + 6*w**2 + w. What are the prime factors of h(6)?
2, 3
Let x be 4/14 - (-8)/(-28). Let m be x/(-3 + (2 - 0)). Let y = 3 + m. What are the prime factors of y?
3
Let o = 40 + -27. Suppose -o = -5*i + 3*c + 10, 5*i - 15 = -5*c. Suppose n + i*n = 25. What are the prime factors of n?
5
Let l = -11 + 7. Let n(z) = -13*z + 3. Let a be n(l). Let i = -35 + a. List the prime factors of i.
2, 5
Suppose 0 = -3*a + q - 32, 2*q - 40 = 3*a + 3*q. Let d = -8 - a. List the prime factors of d.
2
Let k be 6/9 + (-5)/3. What are the prime factors of 74/3 - k/3?
5
Let d = 169 - 127. List the prime factors of d.
2, 3, 7
Suppose f + 11 = 3*k, k + 3*f - 7 = 2*k. List the prime factors of k.
5
Let j(z) be the third derivative of -z**6/120 + z**5/12 + z**4/8 + z**3/6 - 4*z**2. What are the prime factors of j(5)?
2
Let w(j) = 1 + 2*j**2 + 6 - 3*j**2 + 8*j. Let d(t) = -t**3 - 5*t**2 + 5*t + 2. Let k be d(-6). What are the prime factors of w(k)?
7
Suppose v + 1 = 9. Suppose 6*a - 2*a = v. List the prime factors of a.
2
Suppose -5*b = -5*m - 105, -m - 47 = -2*b + 2*m. List the prime factors of b.
2
Let y(s) = 7*s**2 - 15*s - 9. Let f(n) = -3*n**2 + 7*n + 4. Let r(j) = 13*f(j) + 6*y(j). Let o be r(2). Let w = -1 + o. What are the prime factors of w?
11
Let v(t) = 6*t + 5. Let j be v(-2). Let c = j + 18. What are the prime factors of c?
11
Suppose 3*x - 1 - 95 = 0. List the prime factors of x.
2
Suppose 4*s = -g - 1, 4*g = 2*g - 2*s - 32. Let z(t) = -t**2 - 3*t + 4. Let n be z(3). Let w = n - g. List the prime factors of w.
7
Let k be -1 + 1 - (-14)/7. Let y(s) = 2*s. List the prime factors of y(k).
2
List the prime factors of 3/(-6)*6 + 890/5.
5, 7
Suppose -z + 51 + 42 = 0. Let c = -51 + z. List the prime factors of c.
2, 3, 7
Let x(k) = 13*k**3 - k**2 + 1. Let w be x(-1). Let i = 0 - 1. Let n = i - w. What are the prime factors of n?
2, 3
List the prime factors of 871/11 - 12/66.
79
Let d = -17 - -33. What are the prime factors of d?
2
What are the prime factors of -669*(4/(-12) + 0)?
223
Let u be 1/(-2 + 3 + 0). What are the prime factors of -20*u*(-4)/10?
2
Suppose r - 3*u - 8 = 0, -r - 2*u + 10 = -6*u. Suppose 0*y + 14 = 4*y + r*v, -2 = -2*v. What are the prime factors of y?
3
Suppose 4*g + 4*b = 8, -2 = 3*g + 4*b - 9*b. Suppose -4 = -4*z - 24. Let f = g - z. List the prime factors of f.
2, 3
Let i(g) = -g**3 + g**2 + 14. Let j be i(0). Suppose -a = 1 - j. List the prime factors of a.
13
What are the prime factors of ((-90)/(-20))/(2/20)?
3, 5
Let h be (7 + -4)/(2/(-2)). Let b = 1 - h. What are the prime factors of b?
2
Suppose -6*h + h = -100. What are the prime factors of h?
2, 5
List the prime factors of ((-4)/8)/((-1)/6).
3
Let r = -9 + 14. Suppose -2*t = 4*z - 68, z - 177 = -r*t - 2*z. List the prime factors of t.
2, 3
What are the prime factors of ((-47)/2)/(1/(-2))?
47
Let p(w) = 10*w**2 + 5*w + 5. What are the prime factors of p(-4)?
5, 29
Suppose 106 = 2*k - 3*x, 40 = k + 2*x + 3*x. Suppose -2*b = 3*q - k, q - 7 - 15 = -2*b. List the prime factors of q.
2, 7
Let i = 181 + -104. What are the prime factors of i?
7, 11
Suppose 0 = -3*s + 3*t + 75, -t + 7 + 16 = s. What are the prime factors of s?
2, 3
Suppose -477 = 4*h - 6*h - 5*o, 0 = -4*h + o + 921. What are the prime factors of h?
3, 7, 11
Let g = -39 + 55. List